052 and 41812486?
3842
What is the greatest common divisor of 1426901368 and 114?
38
Calculate the highest common factor of 4720230 and 594.
18
Calculate the greatest common divisor of 248 and 365793366.
62
What is the highest common factor of 38 and 1254338?
2
What is the highest common divisor of 287606 and 28764?
34
What is the highest common divisor of 2644869 and 21771?
123
Calculate the greatest common factor of 75 and 698953.
1
What is the highest common factor of 3664288 and 26528?
32
Calculate the highest common divisor of 18616 and 133081488.
1432
What is the greatest common factor of 378713776 and 19152?
2128
What is the greatest common divisor of 97 and 10318181?
97
Calculate the greatest common factor of 4958 and 180766.
134
What is the highest common factor of 28527744 and 13440?
2688
Calculate the greatest common factor of 1474534 and 7598.
58
Calculate the highest common factor of 603 and 898839.
9
Calculate the highest common divisor of 67451 and 15256687.
1823
What is the greatest common factor of 9865506 and 1743?
21
What is the greatest common factor of 83344244 and 124?
124
Calculate the greatest common divisor of 470 and 14728910.
10
Calculate the highest common divisor of 16 and 463689552.
16
Calculate the highest common factor of 27425233 and 99.
11
What is the greatest common divisor of 1796 and 1692281?
449
What is the highest common factor of 31590720 and 3780?
1260
Calculate the greatest common factor of 196396053 and 21.
21
Calculate the greatest common factor of 1096899 and 230320.
2879
What is the greatest common factor of 979305 and 285?
15
Calculate the highest common factor of 1853550 and 9450.
1350
What is the highest common factor of 1549922 and 8?
2
What is the highest common divisor of 6736 and 170907476?
1684
What is the highest common factor of 26521054 and 4046?
238
What is the greatest common factor of 91558040 and 49?
7
What is the highest common factor of 1599392 and 12339680?
10592
What is the greatest common divisor of 115 and 481344?
23
Calculate the highest common factor of 8197 and 41006.
7
Calculate the highest common factor of 108 and 24727428.
36
What is the greatest common divisor of 635378480 and 240?
80
Calculate the greatest common divisor of 3126 and 216822.
6
What is the greatest common divisor of 88763929 and 746?
373
What is the highest common factor of 25 and 6408635225?
25
What is the greatest common divisor of 61501 and 154352?
11
What is the greatest common factor of 468802 and 2390293?
1493
What is the greatest common divisor of 6424766 and 212?
106
What is the greatest common factor of 102 and 5001434?
34
Calculate the highest common divisor of 1098 and 2466291.
183
Calculate the greatest common factor of 8962 and 27880.
2
What is the greatest common factor of 2436 and 1010070?
174
Calculate the highest common factor of 8896646 and 7502.
242
Calculate the highest common divisor of 67585905 and 720.
45
Calculate the highest common divisor of 4135912 and 149468.
1892
Calculate the greatest common factor of 340754250 and 3802.
3802
What is the highest common factor of 47 and 389320787?
47
What is the highest common factor of 262 and 133083686?
262
What is the greatest common divisor of 5733 and 1233477?
441
Calculate the greatest common divisor of 9000 and 1201491.
9
What is the highest common factor of 9 and 111609999?
9
Calculate the greatest common divisor of 387205 and 2135.
35
What is the greatest common factor of 191547927 and 333?
333
Calculate the highest common divisor of 25298 and 2111410.
1946
What is the highest common factor of 814721 and 1806?
43
Calculate the greatest common factor of 17904 and 15.
3
Calculate the greatest common divisor of 394324 and 6272.
28
What is the greatest common divisor of 2739440 and 193006?
6226
What is the greatest common divisor of 24272 and 1841638?
3034
Calculate the greatest common divisor of 199746 and 129054.
822
What is the highest common factor of 277665 and 528045?
1605
What is the highest common factor of 88 and 4895924?
44
Calculate the highest common divisor of 1906 and 509763512.
1906
Calculate the highest common factor of 2353 and 32903.
13
Calculate the highest common factor of 58406 and 46.
2
What is the highest common factor of 224490 and 5145?
105
Calculate the greatest common divisor of 7903 and 26771977.
1129
Calculate the greatest common divisor of 165 and 11773465.
55
What is the highest common factor of 402484828 and 38?
38
What is the greatest common factor of 3100 and 19886004?
124
What is the greatest common divisor of 58370 and 182?
26
What is the highest common divisor of 744 and 4642188?
372
What is the highest common divisor of 530 and 1175930?
10
Calculate the greatest common divisor of 96 and 1281405.
3
What is the highest common divisor of 403 and 31039060?
403
What is the greatest common divisor of 34 and 2722065466?
34
What is the highest common divisor of 476570 and 2410?
10
Calculate the highest common divisor of 50038 and 45974.
254
Calculate the highest common divisor of 1770531 and 1.
1
What is the greatest common divisor of 10 and 6449227?
1
What is the greatest common factor of 1465 and 274146329?
293
Calculate the highest common divisor of 212336249 and 1033.
1033
What is the highest common factor of 103774 and 16049726?
1958
What is the greatest common factor of 99601568 and 1408?
352
What is the greatest common factor of 657331171 and 469?
469
What is the greatest common factor of 8794353 and 804?
201
What is the highest common factor of 12734 and 23742543?
6367
Calculate the greatest common divisor of 2812 and 3640476.
76
What is the highest common divisor of 48 and 359922688?
16
Calculate the highest common factor of 4571039 and 418.
209
Calculate the highest common divisor of 646 and 46216778.
646
Calculate the greatest common divisor of 144647100 and 936.
468
Calculate the highest common divisor of 674969841 and 7371.
7371
What is the highest common divisor of 5758 and 1922458008?
5758
What is the highest common divisor of 1676114 and 5170?
1034
What is the highest common divisor of 165120 and 3765?
15
What is the highest common factor of 15858 and 3258?
18
What is the greatest common factor of 704 and 67966448?
176
Calculate the greatest common divisor of 16572445 and 24025.
4805
Calculate the greatest common factor of 111296 and 2656064.
3008
Calculate the highest common divisor of 4188608 and 192.
64
Calculate the highest common divisor of 9418 and 4099142.
34
Calculate the highest common factor of 6138 and 1937934.
558
What is the highest common divisor of 1043 and 39914?
7
What is the highest common factor of 52 and 212173?
13
What is the greatest common factor of 285 and 7643529?
57
What is the greatest common factor of 121568 and 8033?
29
What is the highest common factor of 7636160 and 2940?
980
Calculate the greatest common divisor of 2488284 and 13374.
18
What is the highest common divisor of 66 and 7320582?
6
What is the greatest common divisor of 2022472 and 12532?
964
What is the highest common factor of 165 and 2669135?
5
Calculate the highest common divisor of 60442718 and 42.
14
What is the highest common divisor of 187397 and 7045?
1409
Calculate the highest common factor of 65741221 and 52.
13
What is the highest common divisor of 1681 and 71205479?
1681
Calculate the highest common factor of 17617965 and 30.
15
Calculate the greatest common factor of 1300 and 27588340.
260
What is the highest common factor of 3132 and 6892749?
783
Calculate the greatest common divisor of 14824126 and 3732.
622
Calculate the greatest common factor of 51961086 and 1710.
342
What is the greatest common factor of 234 and 1595776?
26
Calculate the highest common factor of 321921 and 119367.
27
Calculate the greatest common factor of 950110 and 2744.
686
Calculate the highest common factor of 7114 and 1055834981.
3557
Calculate the greatest common factor of 1916080 and 75195.
2785
What is the greatest common factor of 6750 and 5249250?
2250
What is the highest common divisor of 11068093 and 274?
137
Calculate the highest common divisor of 2314 and 226694.
26
What is the greatest common factor of 21427 and 157710?
7
Calculate the greatest common divisor of 5376105 and 1080.
135
Calculate th